*s - 7014067. Calculate o(-214).
-3
Let z(x) = x**3 + 691*x**2 + 2364*x - 263820. What is z(-687)?
-12
Let j(o) = o**2 - 2413*o - 1115568. Calculate j(-397).
2
Let z(x) = 4*x**2 + 634*x - 3930. Give z(-164).
-322
Let b(h) = -189*h + 1507. Give b(14).
-1139
Let d(j) = -69*j**2 - 271*j + 8. Give d(-3).
200
Let y(n) = 42*n**3 + 9*n**2 + 41*n + 61. Calculate y(-4).
-2647
Let i(t) = -149*t + 8826. Calculate i(60).
-114
Let z(x) = -395*x - 39224. What is z(-102)?
1066
Let m(w) = w**3 + 3*w**2 + 5*w - 58. Calculate m(-5).
-133
Let i(k) = 1139*k - 9688. Determine i(9).
563
Let c(o) = 43243*o - 89399. Calculate c(2).
-2913
Let g(c) = 21*c**2 + 187*c + 283. Calculate g(-8).
131
Let i(k) = k**3 - 121*k**2 + 1492*k + 4. Determine i(107).
-638
Let f(n) = -207627*n + 2906772. Determine f(14).
-6
Let b(y) = 7207*y + 136953. Determine b(-19).
20
Let k(t) = 20*t - 1222. What is k(31)?
-602
Let s(u) = -1638*u + 149034. Determine s(91).
-24
Let y(f) = 6*f**3 + 25*f**2 - 240*f + 541. Calculate y(4).
365
Let w(d) = -187*d**2 - 22*d + 19. Calculate w(1).
-190
Let f(w) = -w**3 - 34*w**2 + 102*w + 85. Give f(-38).
1985
Let o(y) = y**2 + 86*y + 495. Determine o(-7).
-58
Let w(t) = t**3 + 533*t**2 + 1592*t - 3. What is w(-3)?
-9
Let m(b) = 82*b**2 - 46*b - 20. Calculate m(0).
-20
Let i(q) = -28*q**2 - 134*q + 289. Determine i(2).
-91
Let t(v) = 1022*v + 30. Give t(2).
2074
Let p(n) = -n**3 - 106*n**2 + 163*n + 4382. What is p(-107)?
-1610
Let u(n) = n**3 - 17*n**2 + 218*n - 3328. Give u(14).
-864
Let q(w) = -7*w - 526. Give q(-40).
-246
Let d(q) = 2660*q + 29105. What is d(-11)?
-155
Let s(t) = 3*t**2 + 382*t - 2313. Determine s(-133).
-52
Let i(o) = 25*o**2 + 791*o - 1105. What is i(-33)?
17
Let r(o) = o**3 - 43*o**2 - 130*o + 366. Determine r(45).
-1434
Let o(j) = j**3 - 32*j**2 + 5996*j - 192644. Calculate o(32).
-772
Let r(c) = -1498*c - 14540. Calculate r(-10).
440
Let q(v) = v**2 + 459*v + 42957. Give q(-135).
-783
Let i(m) = -m**2 + 1396*m - 33547. Calculate i(24).
-619
Let d(a) = 5*a**2 - 5733*a + 63030. Calculate d(11).
572
Let h(l) = 2*l**2 + 73*l + 693. Calculate h(-16).
37
Let x(d) = 5*d**2 - 19*d - 69. What is x(6)?
-3
Let k(l) = l**3 - 45*l**2 - 1645*l + 73548. Calculate k(46).
-6
Let g(k) = -k**2 - 1017*k + 6169. Calculate g(6).
31
Let p(u) = -1582*u - 225700. Give p(-143).
526
Let c(a) = 21*a**2 + 3215*a + 300. Give c(-153).
-6
Let w(y) = -2*y**2 - 489*y + 3395. Give w(7).
-126
Let l(f) = -16*f**3 - 53*f**2 + 44*f - 40. What is l(-4)?
-40
Let t(v) = -444*v - 27502. What is t(-62)?
26
Let u(z) = -416947*z - 3335542. Calculate u(-8).
34
Let x(z) = -254*z**2 - 140962*z + 4436. Give x(-555).
-4
Let p(u) = 95*u**2 + 64882*u - 2053. What is p(-683)?
-4
Let h(q) = -76*q - 8841. Determine h(-118).
127
Let j(o) = -5*o**2 + 2652*o - 42130. Calculate j(514).
18
Let h(q) = 2491*q + 2495. Give h(-1).
4
Let w(i) = i**3 - 7*i**2 - 11*i + 346. Determine w(11).
709
Let z(x) = 2*x**2 - 8776*x + 1506821. What is z(179)?
-1
Let c(b) = -78097*b + 234062. Give c(3).
-229
Let l(t) = -5137*t - 364722. What is l(-71)?
5
Let m(x) = 14*x**3 - 141*x**2 - 20*x + 171. Calculate m(10).
-129
Let j(a) = -23086*a - 184675. Calculate j(-8).
13
Let j(f) = 162991*f + 22981728. Give j(-141).
-3
Let o(d) = 2*d**3 + 19*d**2 - 779*d - 7694. What is o(-10)?
-4
Let h(f) = 2*f**3 - 16*f**2 - 33*f + 212. Give h(3).
23
Let g(m) = 2*m**3 - 585*m**2 + 879*m - 1769. What is g(291)?
-23
Let z(a) = 465*a + 14424. Give z(-29).
939
Let m(w) = -4855*w + 5313. Calculate m(1).
458
Let w(l) = l**3 - 858*l**2 - 2595*l - 32. Give w(-3).
4
Let l(g) = -2*g**2 - 3981*g - 43556. Give l(-11).
-7
Let z(u) = -26*u**3 - 773*u**2 + 403*u + 5788. Determine z(-30).
-2
Let g(f) = -49*f - 1107. Determine g(19).
-2038
Let o(a) = 51*a**2 + 907*a + 495. Determine o(-17).
-185
Let x(o) = o**2 - 47686*o - 190748. Calculate x(-4).
12
Let b(o) = 25152*o + 125750. Calculate b(-5).
-10
Let z(f) = -316458*f + 4746883. Calculate z(15).
13
Let b(t) = -28212*t - 733513. Calculate b(-26).
-1
Let l(x) = 3*x**2 + 165*x + 371. Calculate l(-52).
-97
Let i(y) = -102*y - 316. Give i(-5).
194
Let d(m) = 5842*m - 17514. Give d(3).
12
Let n(h) = 12834*h + 513369. Determine n(-40).
9
Let t(k) = k**3 - 592*k**2 + 1304*k - 73128. Calculate t(590).
32
Let d(q) = 145*q + 1708. What is d(-12)?
-32
Let a(d) = d**3 - 53*d**2 + 224*d - 68. Determine a(4).
44
Let p(y) = -y**3 + 2*y**2 - 7*y + 193. Calculate p(0).
193
Let x(f) = -f**3 + 207*f**2 - 321*f - 59311. Give x(204).
53
Let p(r) = -9*r**3 - 129*r**2 + 406*r + 6134. What is p(-14)?
-138
Let v(g) = -3*g**3 - 357*g**2 - 17*g - 2016. What is v(-119)?
7
Let w(d) = d**3 - 19*d**2 + 35*d + 254. Give w(6).
-4
Let v(r) = -43*r**3 + 13*r**2 + 91*r - 1. Determine v(-3).
1004
Let p(w) = 2527*w + 538233. Determine p(-213).
-18
Let q(i) = 151*i**2 - 25*i - 9. Determine q(2).
545
Let z(r) = -13445*r + 26932. What is z(2)?
42
Let x(r) = -4*r**3 - 7*r**2 + 95*r - 409. Calculate x(5).
-609
Let w(o) = -o**3 + 125*o**2 - 827*o + 412. Calculate w(118).
294
Let z(c) = 1244*c - 63790. Calculate z(50).
-1590
Let w(g) = -3*g**3 - 205*g**2 - 71*g - 125. What is w(-68)?
79
Let m(d) = d**2 + 6592*d - 145516. What is m(22)?
-8
Let v(g) = g**3 - 25*g**2 + 911*g - 21278. Determine v(24).
10
Let v(t) = 135*t + 7115. What is v(-54)?
-175
Let m(n) = -3*n**3 + 42*n**2 - 195*n + 187. Determine m(4).
-113
Let i(r) = -r**3 + 33*r**2 + 92*r + 3908. What is i(38)?
184
Let f(n) = -n**3 - 66*n**2 + 6831*n - 11. Determine f(56).
-67
Let d(p) = -868*p - 4525. Determine d(-6).
683
Let z(c) = 3*c**3 + 19*c**2 - 319*c + 1502. What is z(5)?
757
Let h(f) = 201890*f - 807562. Determine h(4).
-2
Let z(q) = -839*q - 10788. Determine z(-12).
-720
Let w(z) = z**2 - 18431*z + 313048. Calculate w(17).
10
Let g(m) = 2*m**3 - 37*m**2 + 404*m - 1329. Calculate g(5).
16
Let z(k) = 42596*k + 1064888. What is z(-25)?
-12
Let t(b) = 156*b**2 - 109197*b - 2086. Determine t(700).
14
Let g(l) = -319*l + 4302. Calculate g(14).
-164
Let x(z) = -2*z**3 - 5*z**2 + 79*z + 100. Calculate x(-8).
172
Let d(h) = -289*h**2 + 17002*h + 2865. Determine d(59).
-26
Let x(f) = f**3 - 32*f**2 - 127*f + 1995. Calculate x(34).
-11
Let o(q) = -15*q**3 + 3919*q**2 - 1052*q + 2086. What is o(261)?
-2
Let y(b) = 6*b**3 + 92*b**2 + 36*b + 9. Give y(-15).
-81
Let g(m) = -3*m**2 + 13801*m + 96731. Determine g(-7).
-23
Let t(n) = 17*n**2 - 3400*n - 813. Calculate t(200).
-813
Let h(s) = -s**3 + 52*s**2 - 66*s + 2739. Determine h(51).
1974
Let y(v) = -v**3 + 341*v**2 - 12024*v - 631. Calculate y(40).
9
Let a(f) = -14*f**3 - 50*f**2 - 103*f + 1. Give a(-2).
119
Let i(c) = -2*c**3 + 2497*c**2 + 39162*c + 27810. Determine i(1264).
2
Let s(k) = 79*k**2 + 2163*k - 9907. What is s(4)?
9
Let a(b) = 254*b + 1080. Determine a(-1).
826
Let o(i) = -76852*i - 4073135. What is o(-53)?
21
Let p(q) = -2*q**3 + 2628*q**2 - 28673*q + 86. Give p(11).
9
Let o(i) = -83252*i + 7242923. What is o(87)?
-1
Let w(h) = 5972*h - 185104. Determine w(31).
28
Let z(m) = 5553*m - 322169. What is z(58)?
-95
Let q(v) = v**3 - 36*v**2 + 111*v - 12. What is q(6)?
-426
Let h(g) = -239*g**2 - 228*g - 44. Determine h(-1).
-55
Let n(s) = -8*s - 315. Calculate n(-25).
-115
Let w(h) = h**2 - 193*h + 1955. What is w(182)?
-47
Let k(t) = 449*t - 175145. Give k(390).
-35
Let k(u) = -u**3 - 91*u**2 + 382*u - 3. Give k(4).
5
Let h(r) = r**2 + 2957*r + 564166. What is h(-205)?
6
Let o(f) = 13364*f - 547920. Determine o(41).
4
Let q(c) = -103378*c + 516909. What is q(5)?
19
Let b(u) = 116*u + 5895. Determine b(-49).
211
Let k(q) = -2*q**3 - 276*q**2 + 300*q - 381. Give k(-139).
-3439
Let i(z) = -27570*z + 799502. What is i(29)?
-28
Let n(q) = -329*q**3 + 30*q**2 + 74*q + 37. Calculate n(-2).
2641
Let w(s) = -760*s + 3762. What is w(5)?
-38
Let b(q) = 69*q**3 + 129*q**2 - 112*q - 211. What is b(-2)?
-23
Let g(o) = 8814*o - 995986. What is g(113)?
-4
Let c(v) = v**2 - 200*v + 2008. Determine c(10).
108
Let r(l) = -30*l**2 + 18*l - 9. Determine r(2).
-93
Let l(z) = -4*z**2 - 142*z - 769. Give l(-6).
-61
Let j(v) = -v**3 - 20*v**2 - 156*v - 2609. What is j(-19)?
-6
Let f(w) = -6431*w + 129024. What is f(20)?
404
Let r(z) = -506*z**2 - 2047*z - 131. Give r(-4).
-39
Let k(v) = 17*v**2 - 3389*v - 2202. What is k(200)?
-2
Let r(c) = -210821